mainder when 124055062 is divided by 1363242.
40
What is the remainder when 39110189 is divided by 1582?
1567
What is the remainder when 22852 is divided by 452?
252
What is the remainder when 1760441 is divided by 53?
46
Calculate the remainder when 6591 is divided by 2730.
1131
Calculate the remainder when 149872 is divided by 36383.
4340
Calculate the remainder when 1897377 is divided by 21.
6
Calculate the remainder when 79751 is divided by 19222.
2863
Calculate the remainder when 15565780 is divided by 75197.
1
What is the remainder when 881419 is divided by 1169?
1162
Calculate the remainder when 22790 is divided by 546.
404
Calculate the remainder when 3178543 is divided by 5.
3
Calculate the remainder when 3489432 is divided by 1744712.
8
Calculate the remainder when 1020017 is divided by 510006.
5
What is the remainder when 2281391 is divided by 760459?
14
Calculate the remainder when 4523550 is divided by 6453.
6450
Calculate the remainder when 5049757 is divided by 296.
293
Calculate the remainder when 1364915 is divided by 534.
11
What is the remainder when 1093105 is divided by 765?
685
What is the remainder when 37531 is divided by 12292?
655
Calculate the remainder when 11922531 is divided by 1551.
1545
What is the remainder when 218190429 is divided by 10?
9
Calculate the remainder when 326233 is divided by 46243.
2532
What is the remainder when 1421136 is divided by 556?
0
What is the remainder when 540975 is divided by 180300?
75
Calculate the remainder when 8294598 is divided by 436557.
15
Calculate the remainder when 19182461 is divided by 9187.
5
Calculate the remainder when 55189 is divided by 2088.
901
What is the remainder when 140072082 is divided by 1635?
1632
Calculate the remainder when 309944 is divided by 5383.
3113
What is the remainder when 890265 is divided by 1006?
961
Calculate the remainder when 364205 is divided by 45456.
557
What is the remainder when 9589213 is divided by 911?
27
Calculate the remainder when 1075899 is divided by 30.
9
What is the remainder when 1685959 is divided by 39195?
574
What is the remainder when 63906 is divided by 50033?
13873
What is the remainder when 2181892 is divided by 849?
811
What is the remainder when 736148 is divided by 183872?
660
What is the remainder when 49700050 is divided by 4970003?
20
What is the remainder when 349645558 is divided by 74?
72
Calculate the remainder when 1152899 is divided by 68.
27
Calculate the remainder when 1021419 is divided by 8346.
3207
What is the remainder when 12826289 is divided by 457?
127
Calculate the remainder when 5093513 is divided by 1697827.
32
Calculate the remainder when 1126999 is divided by 3248.
3191
Calculate the remainder when 112812 is divided by 4932.
4308
Calculate the remainder when 139793 is divided by 9178.
2123
What is the remainder when 5577099 is divided by 498?
495
Calculate the remainder when 2303961 is divided by 38.
21
What is the remainder when 1058551 is divided by 352835?
46
What is the remainder when 10118051 is divided by 1633?
1616
What is the remainder when 100778 is divided by 204?
2
Calculate the remainder when 504532 is divided by 2416.
2004
What is the remainder when 2625107 is divided by 46?
25
What is the remainder when 258129 is divided by 371?
284
What is the remainder when 157091724 is divided by 243?
0
What is the remainder when 99044 is divided by 2100?
344
What is the remainder when 19773773 is divided by 3295628?
5
Calculate the remainder when 190477 is divided by 3052.
1253
Calculate the remainder when 9185123 is divided by 92777.
200
Calculate the remainder when 17703 is divided by 3509.
158
Calculate the remainder when 8261027 is divided by 152.
131
Calculate the remainder when 3249522 is divided by 799.
788
Calculate the remainder when 6452950 is divided by 901.
889
What is the remainder when 5754 is divided by 3495?
2259
Calculate the remainder when 265722 is divided by 17711.
57
Calculate the remainder when 18539 is divided by 9119.
301
Calculate the remainder when 1747379 is divided by 140.
39
What is the remainder when 1910469 is divided by 485?
54
What is the remainder when 7789365 is divided by 3122?
3097
What is the remainder when 2814478 is divided by 1941?
28
Calculate the remainder when 2905286 is divided by 6529.
6410
What is the remainder when 847883 is divided by 244?
227
What is the remainder when 97211 is divided by 1448?
195
Calculate the remainder when 186391 is divided by 155.
81
What is the remainder when 32712993 is divided by 2936?
81
What is the remainder when 14925597 is divided by 691?
688
What is the remainder when 22061 is divided by 148?
9
What is the remainder when 69391077 is divided by 1080?
1077
Calculate the remainder when 39615949 is divided by 13205315.
4
What is the remainder when 30404311 is divided by 1048424?
15
What is the remainder when 8649359 is divided by 2?
1
Calculate the remainder when 518272991 is divided by 432.
431
Calculate the remainder when 281174 is divided by 1199.
608
Calculate the remainder when 3561317 is divided by 201.
200
What is the remainder when 6428588 is divided by 641?
640
What is the remainder when 21548551 is divided by 2009?
17
Calculate the remainder when 143899 is divided by 647.
265
Calculate the remainder when 80504777 is divided by 23.
16
Calculate the remainder when 717563 is divided by 975.
938
What is the remainder when 185153 is divided by 333?
5
What is the remainder when 33230724 is divided by 54?
42
What is the remainder when 163862 is divided by 54374?
740
What is the remainder when 1404243870 is divided by 8?
6
What is the remainder when 1932606 is divided by 23284?
34
What is the remainder when 7463605 is divided by 1205?
1040
What is the remainder when 903083 is divided by 212?
175
What is the remainder when 659674 is divided by 5409?
5185
Calculate the remainder when 41965250 is divided by 3837.
3818
Calculate the remainder when 5869973 is divided by 6479.
6478
Calculate the remainder when 31050083 is divided by 9302.
7
Calculate the remainder when 60716 is divided by 57853.
2863
Calculate the remainder when 51462949 is divided by 77.
76
What is the remainder when 1524939 is divided by 480?
459
Calculate the remainder when 1248208 is divided by 6241.
8
What is the remainder when 2276068 is divided by 94832?
100
Calculate the remainder when 65006530 is divided by 2766.
2764
Calculate the remainder when 233556 is divided by 292.
248
Calculate the remainder when 309360 is divided by 309143.
217
What is the remainder when 712506 is divided by 917?
914
Calculate the remainder when 192613 is divided by 8025.
13
What is the remainder when 3925144 is divided by 245?
244
Calculate the remainder when 683050 is divided by 4465.
4370
What is the remainder when 5761 is divided by 5049?
712
What is the remainder when 125968496 is divided by 1075?
1071
What is the remainder when 56563 is divided by 13904?
947
What is the remainder when 544962 is divided by 416?
2
Calculate the remainder when 1149204 is divided by 78.
30
Calculate the remainder when 29601063 is divided by 229465.
78
Calculate the remainder when 287048 is divided by 143522.
4
Calculate the remainder when 178612 is divided by 11140.
372
What is the remainder when 2639904 is divided by 203031?
501
Calculate the remainder when 47481680 is divided by 1450.
1430
Calculate the remainder when 9853 is divided by 3197.
262
Calculate the remainder when 19631507 is divided by 4126.
4125
Calculate the remainder when 300597507 is divided by 139.
138
What is the remainder when 66421 is divided by 2702?
1573
What is the remainder when 100749 is divided by 25030?
629
Calculate the remainder when 1204280 is divided by 657.
656
What is the remainder when 94701 is divided by 1050?
201
What is the remainder when 6951979 is divided by 67?
59
What is the remainder when 228582 is divided by 5311?
209
Calculate the remainder when 25661 is divided by 124.
117
Calculate the remainder when 10894874 is divided by 636.
194
What is the remainder when 25544670 is divided by 9859?
1
What is the remainder when 134693279 is divided by 12?
11
Calculate the remainder when 307617867 is divided by 443.
439
Calculate the remainder when 368744 is divided by 6246.
230
What is the rem